2)/k)/(3/(-6)) a prime number?
True
Suppose 0*c = -4*r + c - 21, -2*r - 3 = c. Let z be 6/4 - 1950/r. Let p = z - -464. Is p a composite number?
False
Let g(w) = 677*w + 7. Let f be 2/12 + (-7)/84*-70. Suppose 0 = 3*n + 4*b + 14, 0 = -n + 2*b + f + 6. Is g(n) a composite number?
False
Suppose 6*n = 4*n + 10. Suppose -n*h - 2972 + 8813 = 3*z, -3*z + 1173 = h. Suppose -13*m + 10*m = -h. Is m a prime number?
True
Suppose 968 = -n - 7*n. Let g be (-3 + 6)*1 + n. Let f = 1365 + g. Is f prime?
False
Let j = -6836 + 14165. Let l(k) = 20*k**2 + 3*k - 2. Let n be l(4). Suppose -3*m - n + j = 0. Is m a prime number?
True
Suppose -i - 5*s + 27498 = 0, 197*i + 2*s = 194*i + 82481. Is i composite?
True
Let x(l) be the second derivative of l**5/20 + 17*l**4/12 - 5*l**3/3 - 57*l**2/2 + 5*l - 3. Is x(-17) composite?
False
Suppose -5*x = l - 425193, -3*l + 1275655 = -89*x + 85*x. Is l composite?
True
Let z(q) be the second derivative of 3*q**5/10 - q**4/3 + q**3/3 - 5*q**2 + 20*q. Let l be z(12). Is (l/18 - 3) + (-2)/(-9) prime?
False
Let v(f) = 250293*f + 12866. Is v(5) prime?
True
Let z(j) = -j + 59. Let v be z(-11). Is 4674/21 - (-30)/v composite?
False
Is (2 + (-30050)/12)/(13/(-546)) a prime number?
False
Let i(w) = 914*w + 101. Let q(y) = -3*y + 171. Let l be q(52). Is i(l) a composite number?
True
Let y be 1434/10 + 2/(-5). Let p be (-53218)/y + 2/13. Let c = -53 - p. Is c a prime number?
False
Let v be 4/1 + 6 + 16 + 1. Let x(r) = 6*r**2 - 39*r - 22. Is x(v) prime?
True
Let g(l) = -l**2 - 1. Let r(q) = 6*q + 3. Let k be r(-1). Let j(t) = 483*t**2 + 4*t. Let v(n) = k*g(n) + j(n). Is v(-2) composite?
True
Suppose 11722501 - 1069296 = 69*r - 7687064. Is r composite?
True
Suppose 3*g - 5*i + 342488 = 984052, -4*g = 4*i - 855472. Is g a composite number?
True
Is (19375 - 2)/(-20*8/(-480)) composite?
True
Let r(o) = -o**3 + 2*o**2 + 2*o - 60. Let l be r(0). Let v = 60 + l. Suppose v = 9*j - 6*j - 1455. Is j a prime number?
False
Suppose -t + 839 = c, 2*t = -c + 3*c - 1682. Suppose -6483 = -12*y + 10869. Suppose -c - y = -6*l. Is l a composite number?
True
Let v(j) = 251*j**3 + 2*j**2 - 17*j + 15. Let b = -172 - -176. Is v(b) a composite number?
True
Let l = -237 + 240. Suppose -4*f = 5*a - 3919, 2*a - 5*f = l*a - 767. Is a composite?
False
Let a = 188986 - -28423. Is a prime?
True
Suppose -8*g - 10 = -3*g, 0 = 5*d - 5*g - 150. Suppose -19*i - 28053 = -d*i. Is i composite?
True
Let x(z) be the first derivative of z**2 + 10 + 11*z + 1/3*z**3. Is x(-8) a composite number?
False
Suppose -10 + 6 = -x. Suppose 15317 = 2*j - y - x*y, -2*j + 15282 = 2*y. Is (j + -1)/5 - (0 - 2) a prime number?
True
Let c = 48 - 12. Let y(j) = j**3 - 104*j**2 + 490*j + 142. Let l be y(99). Let t = c - l. Is t a composite number?
False
Let r be (-8)/20 + 6/15. Suppose 5*n - 2*x - 1709 = r, 450 + 224 = 2*n + 4*x. Suppose 4*z + 4*k = 1636, 5*z - k - 1704 = n. Is z a prime number?
True
Let z = 2965 + -1374. Let k(c) = -29*c**2 + 74*c - 32. Let a be k(6). Let m = z + a. Is m a prime number?
False
Suppose a - 27631 = -3*t, -t - 6566 + 15780 = 4*a. Suppose 9*z + t = 15*z. Is z composite?
True
Let v(t) = -1588*t - 6. Let h be v(-3). Let o = h + -1267. Is o composite?
False
Let l(r) = 286*r**2 + 172*r - 49. Is l(-32) a composite number?
True
Let d(t) = 86690*t + 2229. Is d(5) prime?
True
Let l(d) = 8*d**2 - 12*d + 1. Let m = -214 - -201. Is l(m) prime?
False
Let a = -25995 - -45042. Suppose -a = -2*m - 5*m. Suppose m = 5*k - 2*k + o, -3*k + 4*o + 2721 = 0. Is k composite?
False
Let p be 2/(-9) - (-8)/36. Suppose -2*c + 1005 = -1129. Suppose p = -7*f + 8*f - c. Is f prime?
False
Let j(s) = -22*s**2 + 3*s - 12. Let r be j(-10). Is ((-21)/2)/(57/r) composite?
True
Let g(w) = 1032*w**2 + 143*w - 793. Is g(6) composite?
False
Let n be -3351 - ((-15)/(-3) + -6). Let p = n - -13749. Is p a composite number?
False
Is 288633*(4/36)/((-4)/(-24)) composite?
True
Suppose -4*b = -0*b - 736. Suppose -2*a + 43 + 46 = 3*p, -4*a + b = 4*p. Is a prime?
False
Is 4/(-12)*(803957/14 - -3)*-6 composite?
True
Let l(q) = 87*q**2 + 5*q - 4. Let r be l(3). Suppose -m = 4*u - 4363, 3*u + r = 5*m + 4072. Is u prime?
True
Let v = 35426 + -19033. Suppose -3*q + v = 3934. Is q prime?
True
Let w(a) = 3168*a**2 + 40*a - 15. Is w(-7) prime?
True
Let n(m) = 841*m - 2. Suppose 0 = -5*j + 34 + 26. Suppose 13*u - j*u = 3. Is n(u) prime?
True
Suppose -470 - 723 = -v. Let w = -214 + v. Is 44/(-88) - (0 + w/(-2)) a prime number?
False
Suppose -x - 602 = 2*q, 1508 = -5*q - 3*x - x. Let p be 1 + -7 - -4 - (q + 2). Suppose -8*c - p = -12*c. Is c a composite number?
True
Suppose t + 22*h - 908627 = 18*h, -4*t + 5*h + 3634487 = 0. Is t composite?
False
Is (-9741300)/(-44) + (8 - (-180)/(-22)) a composite number?
False
Suppose 9*a = 5*a - 20, -5*a = -4*b + 25. Suppose -5*n - 4*f + 34987 = b, 3*n = -2*n + f + 34972. Is n a prime number?
False
Is (-166)/2656 + (-7752051)/(-48) a composite number?
True
Suppose -2*b - 94581 = -3*p, 2*p = 3*b + 63088 - 39. Is p composite?
True
Let u(d) = -78*d**3 - d**2 + 2*d - 1. Let v be 4/(-14)*-1 - (-23)/(-7). Let k be u(v). Suppose 5*w = -0*w + h + 3480, -3*w = -h - k. Is w composite?
True
Suppose b - 2*x + 30256 + 5354 = 0, 2*b + 71199 = -3*x. Is (b - -1)/(27/(-27)) prime?
True
Let b = -207880 - -347585. Is b a composite number?
True
Suppose 241 = i - x + 3*x, -i + 257 = -2*x. Let c be (i/6)/((-2)/(-164)). Suppose -c = -2*q + 471. Is q composite?
True
Let r = -154 + 792. Suppose 2686 = 4*q - r. Is q a composite number?
True
Let h = 518596 - 303039. Is h a composite number?
True
Is -3 + 0 + (134526/28)/((-18)/(-168)) a composite number?
False
Let a(n) be the second derivative of 3309*n**5/10 + n**4/6 + n**3/2 - 2*n**2 + 81*n. Is a(1) prime?
True
Let z be (1*-2)/(-4 + 131920/32984). Suppose -5*p + 6*p - 4*g = z, 0 = -p + 2*g + 4133. Is p composite?
True
Let o(v) = -6779*v + 62. Is o(-11) prime?
False
Suppose -113*z = -2903153 - 2612190 - 2568338. Is z a prime number?
True
Is ((-603)/18*1)/(3/(-2874)) prime?
False
Is -13 - (6 - (-19838)/(-1)) composite?
False
Let m(c) = -275*c - 16. Let n be m(-4). Suppose -19*p = -15*p - n. Is p a prime number?
True
Suppose 5*r = -3*w - 18, -2*r - 1 - 5 = 0. Is 2/w*(-18249)/42 a composite number?
True
Let f be ((-6)/(-3))/(10/(-17505)). Let w = f + 5323. Is w composite?
True
Let v be 5 + -5 - (-1274 + -2 - 2). Let k = 1801 - v. Is k prime?
True
Suppose -3*b - 3*j = -353103, 5*b - 2*b - 353131 = -10*j. Is b a composite number?
True
Let s(y) = 4*y**3 + 2*y**2 - 16*y + 3. Let q be 46/10 + 26/65. Suppose -3*w = -m + 5*m - 13, -11 = 2*m + q*w. Is s(m) prime?
True
Let w = -451 - -4712. Let t be (8 + (-18)/6*5)*(-7032)/(-28). Let y = t + w. Is y prime?
True
Let x be 0*((5 - 32/4) + 2). Let h(f) = 63*f + 115831. Is h(x) a prime number?
True
Is (-2 - -93833) + ((-5 + 7)*-2)/2 a composite number?
True
Let j be (1*-1)/((-6)/(10 - 4)). Let d(i) = 4*i**3 - 12*i**2 - 28*i + 3. Let h(f) = f**3 + f**2 - f. Let k(m) = j*d(m) - 2*h(m). Is k(13) a composite number?
False
Suppose -2*i + 5*q + 53 = 0, 3*i - 2*q = -0*q + 52. Let t = i + -12. Suppose 0 = -5*f + t*f - 2*v + 4421, -4*f + 4*v + 5868 = 0. Is f composite?
False
Suppose 2*g - d = 52305, 5*d + 5694 = 2*g - 46607. Is g a prime number?
True
Let x(j) = -4*j - 1. Let o be x(-1). Suppose -2*u + 157 = 2*t + 145, -24 = -5*t + u. Suppose -4*y - 247 = -d, o*d + t*y = 4*y + 754. Is d a composite number?
False
Let o(x) = -x**3 + 6*x**2 + 6*x - 15. Let n be o(7). Let l be 4/12*(3 - n*237). Suppose 0 = 4*a + 4*s - 2340, 0*s - l = -3*a + s. Is a composite?
True
Suppose -2*s + 839804 = -3*y, 47*y = 42*y - 30. Is s prime?
True
Suppose 2632*y = 2637*y - 3253535. Is y prime?
False
Let w(j) = 6*j**3 + 7*j**2 - j + 2. Let b(t) = t**3 + t**2 - t. Let q(m) = 5*b(m) - w(m). Is q(-3) prime?
True
Let d = 37811 - -9378. Is d a prime number?
True
Let k(z) = 51*z**2 + 7*z - 1. Suppose -h + q = -3, 4*q + 0*q = -5*h + 51. Suppose a = -h*a + 24. Is k(a) a prime number?
True
Let x(i) = -7 - 3*i + 6567*i**2 + 3506*i**2 + 3. Let c be x(-1). Suppose -7*w = w - c. Is w composite?
False
Suppose 15 - 42 = 3*u. Suppose -v + 346 = -2*v. Let c = u - v. Is c a prime number?
True
Let v(g) = g**2 - g - 1. Let a be v(-1). Suppose -3*h = -a - 14. Suppose 3*d + h = 200. Is d p